 + 4 = -3*w, 3*h + 6*w = w + 3. Let u(f) = 1054*f**2 - 2*f + 3. Is u(h) a prime number?
False
Let q(c) = c**3 + 4*c**2 - 73*c + 117. Is q(38) a composite number?
False
Let p = 46 - 41. Suppose 10264 = p*r + 3844. Suppose r - 397 = i. Is i a composite number?
False
Is (9/27)/((-7)/(-236229)) prime?
False
Let s = 49 - 18. Let y(v) = v**3 + 30*v**2 + 7*v - 16. Let m be y(-22). Suppose -s*t + 28*t + m = 0. Is t composite?
True
Let h(p) be the first derivative of 9/2*p**2 - 14 + 23/3*p**3 + 3*p. Is h(-7) prime?
False
Let t = 8782 - 4961. Is t prime?
True
Let p(j) = -50*j + 3. Let w be p(2). Let f = -47 - w. Suppose -6*r = -5*r - 3*i - f, -r = i - 66. Is r a prime number?
False
Let p(v) = 9792*v - 5483. Is p(87) prime?
True
Suppose 2 = -3*g + g, 2*d - 2*g = 12. Suppose 5*r = -d*w + 25, -2*w - 3*w - r + 25 = 0. Suppose 2*u = -w*u + 2653. Is u composite?
False
Suppose -204*n - l + 1238277 = -201*n, 0 = 5*n - 2*l - 2063817. Is n a composite number?
True
Suppose -72549 = -5*b - 3*k, -3*b + 2*k - 72546 = -8*b. Suppose b - 3959 = 7*a. Is a prime?
False
Let f(a) = 54*a**3 - 19*a**2 + 520*a - 59. Is f(36) prime?
True
Let p = 2043 - 4635. Let c = p - -7999. Is c composite?
False
Let u = 212 + -91. Suppose 3*m + u = -4*v + 1514, -5*v + 2320 = 5*m. Is m a composite number?
False
Suppose -4*q - 16 = -3*f - 6*q, 25 = 5*q. Suppose p = -f, 0 = -3*w + w - p + 8714. Is w a prime number?
False
Is 1*26587 - (15 + (-25 - -6)) composite?
False
Suppose -3*f + 19 = -20. Suppose 17*p = f*p + 4. Is (151 - 0) + (-2)/p composite?
False
Let a be 3/(-9)*-14133 - (5 + 1). Let v(d) = -2*d - 6. Let u be v(-5). Suppose u*b = 4*p + p - 7817, a = 3*p + 5*b. Is p prime?
False
Let j = 116 + -112. Suppose 106 + 67 = -c - j*f, 338 = -2*c - 4*f. Is c/(-66)*(-844)/(-10) a composite number?
False
Let q(l) be the first derivative of 171*l**2/2 + 30*l + 19. Let m be q(12). Let w = m - 931. Is w composite?
False
Let r(h) = h**3 - h**2 + 16. Let k be r(0). Suppose 108 = -13*a + k*a. Let o = -1 + a. Is o a composite number?
True
Suppose 2*i - 5*l = -0*l - 17, l = -4*i + 21. Let u be 12/54 + 0 + (-17672)/(-18). Is (u/(-5))/(i*1/(-10)) a composite number?
False
Let o(f) = -2011*f - 2828. Is o(-45) composite?
True
Suppose -50*z + 47*z + d = -252477, -2*d - 168326 = -2*z. Is z prime?
False
Let b = 177 - 45. Let g be (-5)/(-5) - (-4)/2. Suppose g*u - b = -21. Is u a composite number?
False
Let l = 24 - 23. Suppose -5*j + k = -10, l = 2*j - k - 0*k. Suppose -j*m = -844 + 67. Is m a prime number?
False
Is 2020/(-5)*(-2)/(-24)*-7737 a prime number?
False
Suppose -3*o + 328 - 316 = 0. Suppose -o*s - 4*h = -8580, 4*s + 3*h = 4841 + 3741. Is s a composite number?
True
Let b be (-2)/(-8) + 214/8. Let u(s) = 7*s**2 - 39*s + 21. Let c(t) = 16*t**2 - 97*t + 41. Let a(y) = -2*c(y) + 5*u(y). Is a(b) a prime number?
False
Suppose 5*b + 115 = -f, 2*b + 24 - 5 = 5*f. Is 0/(-1) + 2799 + b a composite number?
False
Suppose 2*y - l + 6*l - 63 = 0, -5*l = -2*y + 93. Let t = -35 + y. Suppose 587 + 641 = t*q. Is q a composite number?
False
Let v be (1*-1)/((-5)/(-20)). Let r(s) = 26*s**2 + s + 5. Let o be r(v). Suppose -o - 1178 = -5*p. Is p prime?
False
Suppose 2*t + 5*h = 36653, 21891 = 3*t + 2*h - 33094. Is t prime?
True
Let f be -3 + (-2 - -8) + 5. Let i(h) be the third derivative of h**6/40 + h**5/6 - h**4/24 - 19*h**3/6 + 9*h**2. Is i(f) composite?
True
Let u be 13/(-10)*-6 + 36/(-45). Suppose 4*y - 1 - u = 0. Suppose 2*k = 5*n - 21641, 0 = -n + k + y*k + 4336. Is n composite?
False
Suppose -3*n - 176 = -u + 3*u, n + 36 = 5*u. Is (-3)/(-4) + (-60830)/n a prime number?
True
Suppose 5*x + 5*h - 15 = 0, 0 = 4*x - h - 3 - 14. Suppose 3*r - 15 = 6*r, -x*o - 5*r + 33843 = 0. Is o composite?
False
Suppose 3*d - 6 = -t, 4*t - 6 = -2*d - 12. Let a be 16/3 - 2/6. Suppose 3*o - 5526 = -4*y + a*o, 5*y + d*o - 6880 = 0. Is y composite?
True
Let k be (-2 - (-90)/24)/(1/25276). Suppose -k = -8*n - 7473. Is n composite?
True
Let y(u) be the third derivative of u**6/120 + 4*u**5/15 + u**4/12 - 11*u**3/2 - 23*u**2. Let l be y(-14). Is -6*l*(-1)/2 a composite number?
True
Let r(o) = o**3 - 16*o**2 + 41*o - 2. Let s be r(3). Suppose -17*w + s*w = -10023. Is w a composite number?
True
Suppose -6*q + 2*k + 24 = -2*q, 5*k = 20. Suppose 0 = -5*j + a + 13, -6*a - q = 2*j - 2*a. Suppose 0 = -2*t + 5*b + 437, -3*t - j*b = -3*b - 636. Is t prime?
True
Is 929/((-1)/382*(-9 + 28/4)) a composite number?
True
Let m = -29362 - -43539. Is m prime?
True
Suppose -3599 - 3617 = 4*y. Let w = y + 1180. Let c = 1957 - w. Is c a composite number?
True
Let l(k) = -18*k - 54. Let g be l(-3). Suppose g = -3*u - 3*i + 8301, 3*u - 7773 = -2*i + 532. Is u composite?
True
Suppose 28 = 5*u - q, 14 = -u + 5*u + 2*q. Is u + (-6 - (7 - 2315)) composite?
True
Suppose 2241*y = 2227*y + 12992. Suppose 5*u - 2545 = -5*o, 3*u - 1531 = -2*o + 3*o. Suppose -2*x + y = -u. Is x a prime number?
True
Let o = -1230241 + 2588372. Is o a prime number?
False
Let l(n) = -n**3 - 11*n**2 + 59*n + 6. Let y be l(-15). Suppose -y*g = -156908 - 108595. Is g a composite number?
True
Suppose 0*k - k = 2*v + 16, 3*v + 26 = -2*k. Is (-13935)/v - 6/4 a prime number?
False
Suppose -19*v + 600540 - 217918 = 0. Is v a prime number?
False
Suppose -83*a - 1658958 = -125*a. Is a a prime number?
True
Let w = 3578 - 10167. Let y = w + 12403. Is y/14 - 12/42 a composite number?
True
Let v(p) = -40*p**2 - 7*p + 11. Let x be v(-6). Suppose 3*o + 870 = -0*o. Let j = o - x. Is j a prime number?
True
Let q be (-14)/18 - 4*2/36. Is 1049/(q/1*(-12 + 11)) composite?
False
Let d = 7403 - 4208. Suppose -y - d = -2*y + 2*v, -12788 = -4*y + 4*v. Is y prime?
False
Suppose -x - 5*o = 321, -x + 5*o - 329 = 8*o. Let n = x + 1428. Is n composite?
False
Is 42/(-49) + ((-172609518)/(-462) - 6/(-33)) a composite number?
False
Is (-16 - (-5 - -4)) + 34328 a composite number?
False
Suppose -2*v - 10*n = -8*n - 514624, 3*v - 771931 = 2*n. Is v composite?
False
Let k be 2/((11/33)/(0 - -1)). Let i be (-3)/(9/k)*-2 - 1. Suppose -2*h = -i*s - 5*h + 7425, -s + 5*h = -2487. Is s composite?
False
Is ((-3)/24*(-8)/3)/((-34)/(-1115574)) composite?
False
Let v = 6157 + 1658. Let l = v - 3248. Is l prime?
True
Let j be (-56)/(-16)*1*(-6)/(-7). Suppose 5*u = j*u + 8812. Is u composite?
True
Let n = 55038 + 27211. Is n prime?
False
Let h be -26*3/(18/(-21)) - 1. Suppose -10*n = -h - 40. Let m(i) = 25*i - 38. Is m(n) prime?
False
Let j = 89736 + -47017. Is j/((4 - 0) + -4 - -1) a composite number?
False
Suppose -23076 = 13*b - 16*b. Suppose -109*t + b = -105*t. Is t a prime number?
False
Suppose -56 + 952 = 32*h. Is (26 - h)/(6/(-13323)) a composite number?
False
Let r be (1 - 0) + -7 + 10. Let z be ((-1)/2)/(-4 - (-441)/108). Is (0 - r)*1839/z composite?
True
Let l(x) = x**3 - 61*x**2 + 189*x + 163. Is l(68) a composite number?
True
Let b(x) = x**3 - 6*x**2 + x + 3. Let w be b(6). Suppose 2*f - 5*i = -w, 2*f + 4*i = 19 - 1. Suppose -f*g + 1636 = g. Is g composite?
False
Let f(h) = -313*h + 129. Suppose -125 + 45 = 5*x. Is f(x) a composite number?
True
Let z(c) = 326*c + 499. Is z(2) a composite number?
False
Let w(g) = 21*g**3 - 14*g**2 - 25*g - 5. Let f(q) = -q**3 - q**2 - q. Let t(k) = -f(k) + w(k). Is t(10) a composite number?
True
Suppose -6*i + 4 = -4*i + 3*h, 3*h = -3*i + 6. Suppose -2*l - 4 = 0, 7*r + i*l - 116 = 3*r. Is 57/9*4/8*r a prime number?
False
Let o be (-76)/(-28) + -3 + 2/7. Suppose -6*u - 3*u + 990 = o. Suppose 0 = 3*i - 643 - u. Is i a composite number?
False
Let z(q) = -10*q + 132. Let v be z(12). Is ((-79854)/v)/(1/(-2)) composite?
False
Let s = -102545 - -248746. Is s composite?
True
Let l = -212874 - -1515563. Is l composite?
False
Let u(g) = -68715*g - 7748. Is u(-17) a prime number?
True
Suppose -3*j = 1 + 2. Let o be (j/3)/((-2)/(1 - 19)). Is 62/o*((-6)/(-4) - 3) a composite number?
False
Let m(o) be the second derivative of -o**3/6 + 6*o**2 - 32*o. Let b be m(9). Suppose -5*r + 271 = 3*f, 34 = f - b*r - 47. Is f a composite number?
True
Suppose -36 = -3*x - 0*x. Suppose -19*g = -18*g - 6362. Suppose -10*t - g = -x*t. Is t prime?
True
Let p(w) = 2*w**3 + 53*w**2 + 7*w + 21. Is p(-8) prime?
True
Suppose 0*f - 198848 = -32*f. Is ((-3)/6)/((-13)/f) a composite number?
False
Let c be (-35299)/(-5) + (54/(-30